e factors of 500034.
2, 3, 83339
What are the prime factors of 8734368?
2, 3, 37, 2459
What are the prime factors of 1258454?
2, 41, 103, 149
List the prime factors of 1124283.
3, 374761
List the prime factors of 2876573.
7, 607, 677
List the prime factors of 1600274.
2, 13, 61, 1009
What are the prime factors of 5194401?
3, 17, 179, 569
List the prime factors of 32420927.
7, 11, 29, 14519
List the prime factors of 1499032.
2, 187379
List the prime factors of 20820055.
5, 79, 52709
What are the prime factors of 9453435?
3, 5, 630229
List the prime factors of 3556109.
101, 137, 257
List the prime factors of 987664.
2, 61729
List the prime factors of 2341049.
43, 54443
List the prime factors of 409609.
409609
What are the prime factors of 1504822?
2, 11, 73, 937
List the prime factors of 3259384.
2, 193, 2111
List the prime factors of 81304.
2, 10163
What are the prime factors of 20568846?
2, 3, 3428141
What are the prime factors of 3511909?
1307, 2687
List the prime factors of 626702.
2, 313351
What are the prime factors of 139348?
2, 11, 3167
What are the prime factors of 187439?
7, 26777
What are the prime factors of 1152742?
2, 59, 9769
What are the prime factors of 15722156?
2, 23, 73, 2341
What are the prime factors of 2848044?
2, 3, 17, 23, 607
What are the prime factors of 5177784?
2, 3, 443, 487
What are the prime factors of 3029949?
3, 13, 19, 29, 47
List the prime factors of 374519.
607, 617
List the prime factors of 139094.
2, 17, 4091
What are the prime factors of 5643420?
2, 3, 5, 94057
What are the prime factors of 1246146?
2, 3, 11, 79, 239
List the prime factors of 65012.
2, 16253
What are the prime factors of 675184?
2, 19, 2221
What are the prime factors of 28371361?
28371361
List the prime factors of 393573.
3, 127, 1033
What are the prime factors of 17970856?
2, 2246357
What are the prime factors of 1209871?
13, 7159
List the prime factors of 141301.
141301
List the prime factors of 44880.
2, 3, 5, 11, 17
List the prime factors of 1749612.
2, 3, 211, 691
What are the prime factors of 11092765?
5, 787, 2819
List the prime factors of 11325472.
2, 353921
List the prime factors of 665163.
3, 73907
What are the prime factors of 10422995?
5, 11, 189509
List the prime factors of 228600.
2, 3, 5, 127
List the prime factors of 10848707.
67, 161921
What are the prime factors of 57227?
89, 643
List the prime factors of 32691507.
3, 10897169
What are the prime factors of 669807?
3, 19, 3917
List the prime factors of 4100886.
2, 3, 227827
List the prime factors of 3815200.
2, 5, 19, 251
List the prime factors of 1987.
1987
What are the prime factors of 1831526?
2, 915763
List the prime factors of 176805.
3, 5, 3929
List the prime factors of 6046144.
2, 13, 43
List the prime factors of 318577.
7, 71, 641
List the prime factors of 472164.
2, 3, 7, 11, 73
What are the prime factors of 86509?
86509
List the prime factors of 4156503.
3, 13, 197, 541
What are the prime factors of 7722257?
7722257
List the prime factors of 317929.
23, 601
What are the prime factors of 251878?
2, 11, 107
What are the prime factors of 4680370?
2, 5, 83, 5639
List the prime factors of 243375.
3, 5, 11, 59
List the prime factors of 457656.
2, 3, 19069
List the prime factors of 215197.
215197
What are the prime factors of 252343?
7, 13, 47, 59
List the prime factors of 109132.
2, 27283
What are the prime factors of 241343?
241343
What are the prime factors of 150510?
2, 3, 5, 29, 173
What are the prime factors of 1296140?
2, 5, 229, 283
What are the prime factors of 24482?
2, 12241
What are the prime factors of 10216444?
2, 7, 364873
What are the prime factors of 18603?
3, 13, 53
What are the prime factors of 4595897?
4595897
List the prime factors of 29204.
2, 7, 149
What are the prime factors of 950553?
3, 31, 3407
What are the prime factors of 15157669?
15157669
What are the prime factors of 2805162?
2, 3, 467527
What are the prime factors of 39529150?
2, 5, 790583
List the prime factors of 1626585.
3, 5, 108439
List the prime factors of 3090206.
2, 7, 103, 2143
List the prime factors of 819749.
7, 181, 647
What are the prime factors of 580864?
2, 2269
List the prime factors of 8677816.
2, 7, 83, 1867
List the prime factors of 50229.
3, 5581
List the prime factors of 2105375.
5, 16843
What are the prime factors of 19952986?
2, 29, 344017
What are the prime factors of 1963564?
2, 490891
List the prime factors of 834030.
2, 3, 5, 3089
What are the prime factors of 24102629?
41, 73, 8053
What are the prime factors of 10995642?
2, 3, 7, 19, 1531
List the prime factors of 170515.
5, 67, 509
What are the prime factors of 4322566?
2, 29, 74527
List the prime factors of 255544.
2, 17, 1879
What are the prime factors of 3475678?
2, 223, 7793
List the prime factors of 384390.
2, 3, 5, 4271
What are the prime factors of 622973?
13, 173, 277
List the prime factors of 7973825.
5, 19, 16787
What are the prime factors of 29200862?
2, 199, 73369
What are the prime factors of 8433?
3, 937
What are the prime factors of 2021062?
2, 17, 59443
List the prime factors of 300639.
3, 100213
List the prime factors of 634610.
2, 5, 17, 3733
What are the prime factors of 7230690?
2, 3, 5, 80341
List the prime factors of 26186.
2, 13093
List the prime factors of 7040781.
3, 11, 71119
What are the prime factors of 453877?
453877
List the prime factors of 317343.
3, 13, 79, 103
What are the prime factors of 411810?
2, 3, 5, 7, 37, 53
List the prime factors of 329511.
3, 7, 13, 17, 71
What are the prime factors of 105614?
2, 52807
What are the prime factors of 500121?
3, 18523
What are the prime factors of 957971?
7, 107, 1279
What are the prime factors of 19203174?
2, 3, 89, 11987
List the prime factors of 1684985.
5, 336997
List the prime factors of 1452456.
2, 3, 20173
What are the prime factors of 34949?
34949
List the prime factors of 11226646.
2, 1187, 4729
List the prime factors of 2587460.
2, 5, 53, 2441
What are the prime factors of 513753?
3, 171251
What are the prime factors of 455794?
2, 349, 653
List the prime factors of 739743.
3, 191, 1291
What are the prime factors of 78035?
5, 15607
What are the prime factors of 4856953?
37, 149, 881
List the prime factors of 32468.
2, 8117
List the prime factors of 13560023.
29, 467587
What are the prime factors of 3182401?
59, 53939
What are the prime factors of 22620181?
1627, 13903
List the prime factors of 2059801.
1277, 1613
What are the prime factors of 121687?
121687
List the prime factors of 5405375.
5, 83, 521
List the prime factors of 1689367.
1689367
List the prime factors of 2748254.
2, 17, 80831
List the prime factors of 351973.
29, 53, 229
What are the prime factors of 4295505?
3, 5, 286367
List the prime factors of 977951.
13, 75227
List the prime factors of 3787092.
2, 3, 59, 1783
What are the prime factors of 548469?
3, 149, 409
List the prime factors of 12607254.
2, 3, 11, 41, 1553
What are the prime factors of 16172532?
2, 3, 41, 10957
List the prime factors of 128358.
2, 3, 2377
List the prime factors of 964866.
2, 3, 7, 22973
List the prime factors of 2503733.
479, 5227
What are the prime factors of 6070150?
2, 5, 121403
List the prime factors of 943095.
3, 5, 62873
List the prime factors of 579855.
3, 5, 29, 31, 43
List the prime factors of 170429.
7, 97, 251
What are the prime factors of 212887?
359, 593
What are the prime factors of 3536977?
3536977
List the prime factors of 2759264.
2, 23, 163
List the prime factors of 19164246.
2, 3, 3194041
What are the prime factors of 46276?
2, 23, 503
What are the prime factors of 11658141?
3, 11, 17, 2309
What are the prime factors of 488589?
3, 23, 73, 97
What are the prime factors of 20681090?
2, 5, 2068109
List the prime factors of 1084003.
223, 4861
What are the prime factors of 8860932?
2, 3, 101, 2437
List the prime factors of 3209369.
131, 24499
What are the prime factors of 1167717?
3, 109, 3571
List the prime factors of 927492.
2, 3, 77291
What are the prime factors of 572078?
2, 13, 22003
What are the prime factors of 311634?
2, 3, 29, 199
List the prime factors of 1673519.
1673519
List the prime factors of 361514.
2, 23, 29, 271
What are the prime factors of 9757322?
2, 4878661
List the prime factors of 339700.
2, 5, 43, 79
What are the prime factors of 8001075?
3